56*k - 1. Let l be s(-1). Suppose -l = -4*y - v, 3*y + 112 - 312 = v. Let x be 4*-1 - (-5 - 84/7). Calculate the highest common factor of y and x.
13
Let a be (-265)/(-318) - 341/(-66). Let h be (-2)/(-4) + (-505)/(-10). What is the highest common divisor of h and a?
3
Suppose 110*q - 176934 - 137507 = 49879. What is the greatest common factor of 216 and q?
72
Suppose -5*h - 3*v - 67 = -h, -3*v = -9. Let r be (-2)/h + (-3322)/(-209). Calculate the highest common divisor of r and 176.
16
Let l = -1507 - -2195. Suppose -9*q - l = -25*q. Calculate the greatest common divisor of q and 473.
43
Suppose -28*q + 29*q = 26*q - 6225. Calculate the greatest common divisor of q and 1328.
83
Let y be (-31)/((-744)/7056) + -22. Calculate the highest common divisor of 1504 and y.
16
Suppose 0 = -22*k + 77*k - 880. Suppose k*y - 456 = -3*y. Calculate the greatest common factor of y and 216.
24
Let l(s) = 2*s**2 + 8*s - 17. Let g = -139 - -132. Let w be l(g). Calculate the highest common divisor of w and 425.
25
Suppose -202*h = -183*h - 76, -h = 3*p - 19354. What is the highest common divisor of p and 150?
150
Suppose 0 = -2*q - 4*w - 0 + 42, -5*w + 96 = 4*q. Calculate the greatest common factor of 261 and q.
29
Let t be (36*22/297)/(3 + (-106415)/35475). Calculate the highest common factor of t and 880.
220
Let y = -183 - -275. Let o(n) = -6*n + 22. Let p be o(-3). Let t be y/(-12)*(-2 - p). What is the greatest common factor of 46 and t?
46
Let u(w) be the first derivative of 2*w**3/3 - 4*w**2 - 7*w - 31. Let g be u(6). What is the greatest common factor of 323 and g?
17
Suppose 0 = -27*o + 25*o + 4. Suppose 3*g - i - 62 = 0, -o*i - 84 = 5*g - 9*g. Suppose 4*p + 4 = g. Calculate the highest common factor of 36 and p.
4
Suppose -35*q - 56 = -39*q. Suppose -q*a + 18*a - 4 = 0. Let n = a + 16. What is the highest common factor of n and 34?
17
Let w = 3 + -2. Let k(g) = -g**2 + 2*g + 84. Suppose 286 = -30*l + 46. Let r be k(l). What is the highest common factor of r and w?
1
Suppose -6*k + 3*z + 18 = -k, 0 = k + 3*z - 18. Suppose -1644 = -k*x + 204. What is the highest common factor of 176 and x?
44
Suppose -4*n + 2286 = -v - 1332, 2706 = 3*n - 2*v. Calculate the highest common divisor of n and 5587.
151
Suppose -334*l + 330*l + 2631 = 5*m, 0 = -4*l - 4. Calculate the highest common factor of m and 3503.
31
Let s = -33410 - -39808. What is the greatest common divisor of 70 and s?
14
Let v(f) = 9*f**3 + 3*f**2 + 2*f. Let t be v(-1). Let g(z) = -z + 15. Let k be g(t). Calculate the greatest common factor of k and 69.
23
Suppose -5*c + c - 5*x + 17 = 0, -x = 2*c - 13. Suppose -c*v = -12*v + 80. Let i be 4 + 2/(-2) - -5. Calculate the greatest common divisor of v and i.
4
Let w = -39 - -41. Suppose -w*v + 4 = 2*v. Let y be 13 - 1 - (2 - v). Calculate the highest common divisor of y and 22.
11
Suppose 2*u = 2*z + 56 + 200, -2*u - z + 256 = 0. What is the greatest common factor of 40 and u?
8
Suppose 0 = -34*i + 18*i - 64. Let a = -7 + 11. Let g be i/8*1 - (-34)/a. Calculate the greatest common divisor of g and 40.
8
Let n = 20830 + -20822. Calculate the greatest common factor of n and 904.
8
Let n be (-4)/3*-3 + (-1050156)/(-93). Calculate the greatest common divisor of 353 and n.
353
Suppose -66*t - 27216 = -96054. Calculate the highest common factor of 7 and t.
7
Let j(y) = y + 2. Let g be j(5). Let k = -1113 + 1148. What is the highest common divisor of g and k?
7
Let d be (-130)/8*(-1 - 15)/4. Suppose 2*s - z - d = 0, 4*s = -z + 187 - 42. Let h = 2 + 3. What is the highest common factor of h and s?
5
Let o = 542 + -503. Suppose -m - 3*a + 117 = 0, m + 6*a = a + 117. What is the greatest common divisor of m and o?
39
Let f = -5709 - -5847. What is the highest common factor of 24 and f?
6
Let n(g) = 4*g**2 - 217*g - 1139. Let o be n(-5). Let z(x) = x**3 + 10*x**2 + x - 5. Let c be z(-8). What is the highest common factor of o and c?
23
Suppose -2*u = -5*a + 2510, 3*a + 2008 = 7*a + 4*u. Let d = -462 + a. What is the highest common factor of 90 and d?
10
Suppose y + 1 = 2*r, -17 = -0*r - 4*r - y. Suppose -31 = -5*u - 46, 171 = 3*w + r*u. Calculate the highest common factor of w and 210.
30
Suppose -5*d - 1185 = -5*g, -272*g + d - 1203 = -277*g. Calculate the greatest common factor of 975 and g.
15
Let r(v) = -112*v - 2416. Let t be r(-26). What is the greatest common divisor of 217 and t?
31
Suppose -2*z = -4*q + 768, -2*z = 3*q - 0*z - 569. Suppose -3*t + p + q = -0*p, -4*p - 268 = -4*t. What is the greatest common divisor of 124 and t?
62
Let w(b) = -42*b - 1168. Let f be w(-29). What is the greatest common divisor of 2450 and f?
50
Suppose g + 11188 = 2*v, -91*v + 95*v = -4*g + 22364. Calculate the highest common divisor of v and 119.
119
Suppose -7*d + 17*d = 0. Suppose b + 1 - 6 = d. Suppose -2*z = 4*g - 34, b*z = -0*g - 5*g + 110. What is the greatest common divisor of z and 9?
9
Let d(v) = 31*v**2 - 5*v - 7. Let y be d(-2). Suppose y - 607 = -40*g. What is the greatest common factor of g and 636?
12
Suppose -2*y - 22*y + 75762 + 86574 = 0. Calculate the highest common factor of y and 304.
76
Let y(r) = -r**3 + 2*r**2 + 3*r + 1. Let t be y(3). Let j be t + 62 - 7 - 1. What is the greatest common divisor of j and 33?
11
Let x be (-15840)/(-11)*(-48)/(-30). Calculate the greatest common divisor of x and 114.
6
Let w = -13416 + 20082. Calculate the highest common factor of w and 264.
66
Suppose 3*k = -4*y + 36, 14*k + 4 = 13*k + 4*y. Let u be 187/(28/k + -3). What is the greatest common divisor of 34 and u?
34
Let n(y) = 383*y + 127. Let h be n(2). What is the highest common factor of h and 141?
47
Let y = -19 - -9. Let m be y/10 - (147/(-3) + -2). Suppose -35*k = -33*k - m. Calculate the greatest common factor of k and 5.
5
Let k(f) = -3*f. Let l(z) = -16*z - 1. Let s(y) = -11*k(y) + 2*l(y). Let c be s(3). Let x = 10872 + -10856. Calculate the highest common factor of x and c.
1
Suppose -3*r - 60 = -8*r. Let z(g) = g**2 + 21*g - 46. Let d be z(-23). Suppose 11*j - r*j + 2 = d. What is the highest common factor of j and 14?
2
Let n = -10420 + 10450. Calculate the greatest common factor of 12 and n.
6
Let r(z) = -48*z - 129. Let w be r(-5). Suppose 5*q = 6*q - w. Calculate the greatest common divisor of q and 777.
111
Let d(z) = z**3 - 4*z**2 - 3*z + 1. Suppose -5*v = -3 - 102. Suppose -9*k + v*k - 60 = 0. Let y be d(k). What is the highest common factor of y and 121?
11
Let v = -4155 + 4359. Calculate the highest common factor of v and 476.
68
Suppose -63 = -6*y + 3*y. Suppose 27 = 3*n + y. Suppose -n*l + 11 = 3. Calculate the highest common divisor of l and 4.
4
Let d(a) = -a**2 - 9*a - 14. Let j be d(-6). Let y be 157/j - 25/20. Calculate the greatest common divisor of 171 and y.
19
Let p be (684/(-90) - 17)/(2/(-20)). What is the greatest common factor of p and 36900?
246
Let p(v) = v**3 - 33*v**2 + 150*v - 22. Let h be p(5). Calculate the greatest common factor of 8932 and h.
28
Let h(p) = 10*p**2 - 7*p - 35. Let x be h(-7). Let r = 318 + -255. Calculate the highest common factor of x and r.
63
Let a be (-1026)/36 + 29 - 165/(-6). Suppose 49 = i - 0*i. What is the greatest common divisor of a and i?
7
Suppose 0*r - 1944 = -7*r - 11*r. Calculate the greatest common factor of r and 12.
12
Suppose -5*p + 49 = -116. Let f = -836 + 924. What is the greatest common factor of f and p?
11
Let w be ((-45)/14)/(90/1365)*-44. Calculate the greatest common divisor of 1320 and w.
165
Let c be (2 + -11)*18/(-18). Suppose h = -a + 2, 0 = h + 14*a - c*a + 10. What is the greatest common divisor of h and 155?
5
Suppose 2*b = -3*b + 30. Let t be 7/3 - 754/(-78). Calculate the greatest common divisor of b and t.
6
Suppose -57*m - 12 = -60*m. Let g = -7 - -12. Suppose -3*z + 133 = x, -g*z + 5*x = -z - 171. Calculate the greatest common factor of z and m.
4
Let n be (-2)/5 - 61/(5795/(-1368)). What is the highest common divisor of 406 and n?
14
Let w be ((-25)/10)/(3/6). Let v = w + 27. Suppose 2*b + b - 6 = 0. Calculate the highest common factor of v and b.
2
Let s = -1014 + 1254. Calculate the greatest common divisor of s and 12.
12
Let l = -20948 - -20993. What is the greatest common factor of 48915 and l?
45
Let d(u) = -u**2 - 10*u + 354. Let i be d(12). Calculate the g